 factors of q.
2
Let r(p) = 16*p - 18. Let k(q) be the third derivative of -q**5/60 - 3*q**4/8 - 11*q**3/6 - 36*q**2. Let c be k(-6). List the prime factors of r(c).
2, 47
Suppose -72036 = -10*h + 12467 - 7383. What are the prime factors of h?
2, 241
Let z(v) = -53*v**3 + 8*v**2 - 20*v - 53. What are the prime factors of z(-7)?
2, 19, 491
Let r(v) = -3*v - 15. Let i be r(-10). Suppose -i - 18 = -3*p. Suppose -p*x + 13*x = 92. List the prime factors of x.
2, 23
Let k(i) be the third derivative of 25*i**2 + 0*i - 1/6*i**3 + 7/60*i**5 - 1/120*i**6 + 1/12*i**4 + 0. What are the prime factors of k(4)?
5, 11
Let c(f) be the first derivative of -22 + 0*f**2 + 2/3*f**3 + 3*f - 7/4*f**4. What are the prime factors of c(-2)?
67
Let l(i) = i**3 - 65*i**2 - 165*i + 635. List the prime factors of l(70).
5, 11, 13, 19
Let y(z) = z - 7. Let b be (60/(-8) - -4)/(2/(-4)). Let n be y(b). Suppose r + 5*a = 3*r - 174, -2*a = n. What are the prime factors of r?
3, 29
Let l(i) = 391*i**2 - 101*i - 1051. List the prime factors of l(-11).
127, 373
Suppose 3*z = 12*h - 17*h + 272767, z - 5*h = 90909. List the prime factors of z.
23, 59, 67
Suppose 8*k - 18571 = -3*n + 12*k, 5*n + 3*k = 30913. List the prime factors of n.
5, 1237
Suppose 10*f + 108 = 158. Suppose -f*u + 1297 = 2*x, 4*u = -3*x - x + 2624. List the prime factors of x.
661
Suppose k = -560*x + 561*x - 29201, 3*k + 146021 = 5*x. What are the prime factors of x?
29209
List the prime factors of (-6)/(-33) + 0 - 9858248/(-341).
2, 5, 7, 59
Suppose 7201 + 459 = 4*v. Suppose 7675 = 9*o + v. List the prime factors of o.
2, 5
Let b be ((-36)/42)/(6/(-28)). Suppose -z - 2*v + 5*v - 5 = 0, 0 = 3*z - b*v. What are the prime factors of ((-1)/2)/((-1)/z)?
2
Suppose -4078 = 56*u - 57*u - 3*g, -2*g = 2*u - 8136. List the prime factors of u.
17, 239
Let s(n) = 2881*n + 641. What are the prime factors of s(27)?
2, 7, 2801
Let l(i) = -81*i**3 - 4*i**2 - 3*i - 2. Let q be l(-1). Let a = q - 96. What are the prime factors of 32/3 - (36/6)/a?
11
Let z(v) = v**2 + 7*v - 5. Let k be z(-8). Let r(n) = -1 - 2*n**2 + 3*n**3 - n**2 - k*n - n - 9*n**3. What are the prime factors of r(-2)?
43
Suppose 7*h = 3794 - 721. Suppose 0*m + m - h = 2*w, 4*w - 409 = -m. What are the prime factors of m?
3, 11, 13
Let t(f) = -298*f + 517. What are the prime factors of t(-14)?
3, 521
Suppose -12 = -d - 4*x - 0, -4*x = 4*d - 36. Let o(z) = -z**3 + 8*z**2 + 3*z - 19. Let w be o(d). List the prime factors of ((-2)/w)/(4/(-920)).
2, 23
Suppose 43*m - 10350 = 48*m. Let i = -1170 - m. List the prime factors of i.
2, 3, 5
What are the prime factors of ((-31998)/(-8))/(723/964)?
5333
Let g = -103 - -4289. Let n = g - 2816. List the prime factors of n.
2, 5, 137
Let b = -114 + 65. Let i = b + 54. Let f(z) = 2*z**2 - 6*z + 3. What are the prime factors of f(i)?
23
Let d(v) = v**3 - 8*v**2 + 8*v - 4. Let n be d(7). Suppose 4*z - 545 = a, -2*a = -5*z + 8*z - 406. Suppose -z = -n*k + 125. What are the prime factors of k?
3, 29
Suppose 68*t = 3*t + 648245. What are the prime factors of t?
9973
Suppose -5*z - 280716 = -32*z - 122*z. What are the prime factors of z?
2, 3, 157
Let q(r) = -r**2 + 8*r + 3. Let b be q(8). List the prime factors of (3 + (-2 - b))*-1.
2
Let d(s) = 335*s + 5153. What are the prime factors of d(-9)?
2, 1069
Suppose 0 = 7*i - 3790 - 1824. Let y = -523 + i. List the prime factors of y.
3, 31
Suppose -3*m = 5*m - 40. Suppose s - 3*w - 1856 = -s, -m*w + 2746 = 3*s. What are the prime factors of s?
2, 461
Let j = 229372 + -152562. List the prime factors of j.
2, 5, 7681
Let l(w) = -8*w + 96. Let c be l(12). What are the prime factors of (c - -4)*1 + -6 - -974?
2, 3
Let s(b) = 734*b**3 - b**2 - 11*b + 12. Let l be s(1). Let h = l + -505. List the prime factors of h.
229
Let x(f) = f**2 - 4*f + 6. Let c be x(2). Let w be (2 - c)/(0 - 2/1). Suppose -7*k + k + 192 = w. What are the prime factors of k?
2
Suppose 904 = -20*p + 16*p. Let f = 541 + p. List the prime factors of f.
3, 5, 7
Let l = 6845 - 2406. What are the prime factors of l?
23, 193
Let s(y) = 20*y**3 - y**2 - 14*y - 4. What are the prime factors of s(5)?
7
Let y(s) = -s**3 + 48*s**2 - 125*s + 78. What are the prime factors of y(36)?
2, 3, 5, 7, 53
Suppose -v = 4*z - 82594, -5*z + 452005 = 5*v + 38990. What are the prime factors of v?
2, 103, 401
Let r = 160 - 61. Let d(b) = 2*b**2 + 9*b - 12. Let o be d(-6). Suppose -o*s - 3*s = -r. List the prime factors of s.
11
Let c = -3767 + 6907. Suppose -27*f = -c - 3502. What are the prime factors of f?
2, 3, 41
Let p(o) be the second derivative of -o**4/12 + 41*o**3/6 - 23*o**2/2 + 6*o + 5. What are the prime factors of p(18)?
17, 23
Let h be (119/(-34) - (-5 - -1))*0. Suppose -4 = 2*t, 0 = -h*u + 2*u + 3*t. Suppose -4*z = -5*z + 3, -u*z = a - 277. What are the prime factors of a?
2, 67
Suppose g - 18225 = 14661. What are the prime factors of g?
2, 3, 7, 29
Let w be (-173)/2*(-4)/(2 + 0). Suppose w*t = 171*t + 48. List the prime factors of t.
2, 3
Suppose 41430 = 2*c - 2*b, -232*b + 229*b - 20705 = -c. List the prime factors of c.
2, 5, 7, 37
Let p be -7 + -7 - (0 - 0). Let v be p/10 + 14/35 - -3. Suppose -b = v*b - 33. List the prime factors of b.
11
Suppose 54 = h - 214. Let m = h - 125. What are the prime factors of m?
11, 13
What are the prime factors of -4 - (-5 - 24627 - (-14 + 12))?
2, 7, 1759
What are the prime factors of (588/10)/(47832/129360 - (-4)/(-11))?
2, 7
Suppose -7*v - 377676 = 13*v - 29*v. What are the prime factors of v?
2, 3, 13, 269
Suppose -4*n + 3*m = n - 153992, 0 = 4*n - 5*m - 123178. What are the prime factors of n?
2, 15401
Let b = 49597 + -459. What are the prime factors of b?
2, 79, 311
Let f(t) = t**3 + 10*t**2 + 12*t - 23. Let s be f(-8). Suppose -1168 = -s*v + v. List the prime factors of v.
2, 73
Let j(n) = n**3 - 7*n**2 - 13*n - 45. Let i be j(9). Suppose k - 79 = -5*w, 3*k + 0*k + 4*w - 193 = i. List the prime factors of k.
59
Suppose -53*b + 869706 = 118*b. List the prime factors of b.
2, 2543
Let d(r) = -6*r**3 + 11*r**2 - 10*r + 2. Let k(b) = -13*b**3 + 22*b**2 - 21*b + 4. Let o(t) = -5*d(t) + 2*k(t). List the prime factors of o(3).
31
List the prime factors of (33 - 29)/(9/39042).
2, 3, 241
Suppose 2*q + 125*o = 123*o + 6958, -4*o = -16. List the prime factors of q.
5, 139
Let q = 96985 + -52241. What are the prime factors of q?
2, 7, 17, 47
Let s = 2369 + 1423. Suppose -2*x = -18*x - s. What are the prime factors of (x/5)/(0 - 2/10)?
3, 79
Let w = -2114 + 5909. What are the prime factors of w?
3, 5, 11, 23
Suppose 53*p - 192294 - 211249 - 43141 = 0. List the prime factors of p.
2, 7, 43
Suppose 4*r - 10 = 2*r. Suppose -2*w = -4, 873 = 4*g - r*w - 1265. What are the prime factors of g?
3, 179
Let k be (49/21)/(12/(-324)). Let p = 363 + -1168. List the prime factors of (-6)/(-27) + p/k.
13
Let m = -142 - -113. Let p = 208 + m. List the prime factors of p.
179
Let w(i) = 5*i**2 - i - 25. Suppose v - 2*v = -11. List the prime factors of w(v).
569
Suppose -4*s + 7252 = 4*j, 14*j - 11*j - 5441 = -5*s. Suppose -121*r = -122*r + j. What are the prime factors of r?
2, 3, 151
Suppose -5*s = -53*g + 57*g - 31469, 3*g + 12*s = 23577. List the prime factors of g.
17, 463
Let w(d) = 18*d + 2676. List the prime factors of w(-9).
2, 3, 419
Let h(z) = 2*z**3 - 46*z**2 - 86*z - 86. Let o(q) = q**3 - 22*q**2 - 43*q - 43. Let a(f) = 2*h(f) - 5*o(f). What are the prime factors of a(20)?
103
Suppose -g - 3*z + 45045 = -33980, 158034 = 2*g + 4*z. List the prime factors of g.
13, 59, 103
Let z(o) = 1072*o + 811. List the prime factors of z(5).
3, 11, 17
What are the prime factors of 27978*(-10 + (-147)/(-14))?
3, 4663
List the prime factors of 8472*(357/(-68) - -6).
2, 3, 353
Suppose -198*v - 441371 = -2201987. List the prime factors of v.
2, 3, 13, 19
Suppose 0 = -4*o + 809 - 709. Suppose -o*f + 8245 = -6355. What are the prime factors of f?
2, 73
Let a(t) = 500*t + 3. Let z be a(1). List the prime factors of 1/(-1*(-1)/z).
503
Let c be -12*((-4)/8 + 0). Suppose -t + 10 = -c*t. List the prime factors of 67 - (-4 - (t - 4)).
5, 13
Suppose 26 = -7*u + 9*u. Suppose 21 = 4*n + u. Suppose -4*i + 7*x - 3*x = -16, 20 = 5*i + n*x. What are the prime factors of i?
2
What are the prime factors of 3301/(-3)*(43 - 58)?
5, 3301
Le